Suppose 28944 = 16*h + 8*h. What is the highest common divisor of h and 18?
18
Let j be 6/(-14) + (-8294)/(-406). What is the highest common divisor of j and 4?
4
Let d(x) = 2*x**2 + 22. Let g be d(-4). What is the highest common divisor of g and 297?
27
Let a(v) = v**3 + 9*v**2 - 11*v - 36. Let q be a(-9). Calculate the highest common factor of 36 and q.
9
Let b(x) = x**2 + 2. Let p be b(0). Suppose -i + 5*r = 3*r + 6, r - 5 = i. Let v be (i + p - -6) + 5. What is the greatest common divisor of v and 81?
9
Let n be 2*(-6)/4*-1. Let k = 9 + n. Calculate the greatest common divisor of 84 and k.
12
Suppose c = 5*c - 44. Let v = -8 - -9. Let i = v + c. What is the highest common factor of i and 3?
3
Let j be (-44)/(-55)*10/(-4). Let v be 1*j*(231/(-6))/7. Calculate the highest common divisor of 11 and v.
11
Let a(q) = 2*q - 6. Let j be a(2). Let d be 3 + (-5 - j)*-15. Calculate the greatest common factor of d and 16.
16
Let f be 3 - (-5 - (-5 + 5)). Suppose -5*t + 94 = -186. Calculate the greatest common divisor of f and t.
8
Let y(a) = 18*a**2 - 16*a. Let q be y(2). Let p = 62 - q. What is the highest common factor of 55 and p?
11
Let b(l) = l**2 + l + 42. Suppose g - 2*c = 2*c - 16, -2*g + 2*c = 8. Let p be b(g). What is the greatest common factor of 6 and p?
6
Suppose 30 = 10*a - 5*a. Let n be -6*a/(-8)*6. What is the highest common factor of 18 and n?
9
Let g be (-2 + 1)/((-5)/855). Suppose 0 = 3*u - 4*h - 150 - 134, h = -2*u + g. Calculate the greatest common divisor of 8 and u.
8
Let m be (2 + 5)/((-3)/(-6)). Suppose -24 = m*t - 15*t. What is the greatest common divisor of 120 and t?
24
Let h be (5*-1)/((-2)/66). Let v(y) = y**2 - 5*y + 14. Let c be v(13). Let g = 133 - c. What is the greatest common divisor of h and g?
15
Let c(u) = -u**3 - 8*u**2 - 7*u + 13. Let w be c(-7). Suppose 0 = 15*v - w*v - 20. What is the highest common factor of 5 and v?
5
Suppose -4*p + 760 = p. What is the greatest common factor of 190 and p?
38
Let u = -806 + 881. Calculate the highest common factor of u and 825.
75
Let r(f) = -2*f**2 + f + 105. Let w be r(0). Calculate the greatest common factor of 42 and w.
21
Let k = 1943 - 1638. What is the greatest common divisor of 366 and k?
61
Suppose -5187 = -14*z - 7*z. What is the greatest common divisor of 13 and z?
13
Let r(o) = -170*o + 373. Let q be r(2). Calculate the greatest common factor of 341 and q.
11
Suppose 3*z - 333 = -63. What is the highest common divisor of 45 and z?
45
Let x = 111 - -15. Let j = 34 + x. What is the highest common factor of j and 20?
20
Let z(i) be the third derivative of -i**4/24 - i**3 - 5*i**2. Let a be z(-4). Let u be 28*(a - (0 + -3)). What is the highest common factor of u and 14?
14
Suppose 0 = -5*h + 20, -3*f + 8*f = 4*h + 154. Suppose 0 = -46*o + 5904 - 1994. Calculate the greatest common divisor of o and f.
17
Let u = 5 + -25. Let t = u - -19. Let j be 3 + (1 - 0) - t. Calculate the highest common divisor of 20 and j.
5
Let r(w) = 97*w + 70. Let d be r(18). What is the highest common factor of 8 and d?
8
Suppose 7*j = 2*j + 1565. Suppose 0*h - h = 2*v - j, 0 = -2*v + 5*h + 307. Let n be 2 - v/9*-3. What is the highest common factor of n and 6?
6
Let v be (6 + -9 - 3)*-2. Let c(r) be the second derivative of -r**4/12 - 7*r**3/6 - r. Let x be c(-4). Calculate the highest common factor of v and x.
12
Suppose -173 = -4*b + 303. What is the highest common factor of 34 and b?
17
Suppose 15*x - 1360 = 1640. Calculate the greatest common divisor of x and 8.
8
Let m = 548 - 340. Calculate the greatest common factor of 16 and m.
16
Suppose -5*s - 26 = -6. Let x = -9 + 18. Let c be x - ((-8)/s + 1). Calculate the greatest common divisor of c and 3.
3
Let l(m) = m**2 + 11*m - 9. Let f be l(-12). Let w = f - 17. Let o = w - -22. Calculate the highest common factor of o and 64.
8
Suppose 9*r + j = 5*r + 2135, -4*r + 2144 = 4*j. Calculate the greatest common divisor of r and 26.
13
Let t = 875 + -812. Calculate the highest common factor of 609 and t.
21
Let u = -857 - -872. Suppose 0*w + w = 0, -2*w - 525 = -5*y. Calculate the greatest common divisor of y and u.
15
Suppose -29*m + 2640 = 11*m. Calculate the highest common factor of 88 and m.
22
Let c = -30 + 186. Let f be (c/(-10))/(1/(-5)). What is the greatest common divisor of f and 6?
6
Suppose -4*i - 201 - 347 = -3*c, -c = -3*i - 181. Suppose 12*y - c = 4*y. Calculate the greatest common divisor of y and 161.
23
Let b be 1/((-1)/(-3) - 0). Suppose -15 + 60 = b*q. Suppose 4*f - w = 3*w + 132, -2*w - 156 = -5*f. Calculate the highest common divisor of f and q.
15
Suppose -8 = 3*i + 4*a + 21, -i - 3*a - 18 = 0. Let c be (5/(-20))/(i/132). What is the greatest common factor of c and 11?
11
Suppose 2*g + 24 = -4*g. Let n be (30/(-21))/(g/28). What is the greatest common factor of n and 50?
10
Suppose 0 = -17*b + 806 - 313. Calculate the highest common factor of 87 and b.
29
Suppose -54 + 32 = -2*w. Suppose 2*b - w*b = -252. What is the highest common divisor of b and 42?
14
Suppose -2*i - u + 352 = 0, 3*u + 190 = 3*i - 2*i. What is the highest common factor of i and 267?
89
Let q(v) = -19*v - 2. Let c be q(-2). Let u be (-110)/(-6) + -6*3/54. Calculate the highest common divisor of c and u.
18
Suppose 3*v + v + 5*p = -31, v - 3*p - 5 = 0. Let h be (-110)/v - (-2)/(-4). Suppose -5*u + 223 = -h. What is the highest common divisor of 20 and u?
10
Let p be 2 + (0 - -2)/2. Suppose 4*u = -p + 15. Suppose -u*n - 2*y = -568 - 166, -4*n - y + 972 = 0. Calculate the highest common factor of n and 22.
22
Let g(z) = z**2 - 10*z + 61. Let j be g(6). Calculate the highest common factor of j and 296.
37
Let j = -1 - -119. Let u be j + 2 + -9 + 5. Suppose -u = 3*h - 7*h. What is the highest common factor of 58 and h?
29
Let h = 126 + -114. Suppose 0 = m - h*m + 286. What is the highest common divisor of m and 208?
26
Let v be 7 + -3 - (5 - 194). Suppose 71 = 3*r - v. What is the greatest common factor of r and 8?
8
Let k be -2*(-2)/(-4)*-1. Suppose 10 = 3*p + k. Calculate the greatest common factor of 12 and p.
3
Let j(n) = -82*n - 203. Let f be j(-6). Calculate the greatest common divisor of f and 51.
17
Let v be (52/6)/((-32)/(-48)). Suppose 336 = -6*l + v*l. What is the highest common divisor of 6 and l?
6
Suppose 2*c + 16 + 10 = 0. Let s = c + 25. What is the greatest common divisor of 30 and s?
6
Let n = -56 + 59. Suppose -n*b = -5*l + 98, -5*l + 102 = -5*b + 12. Suppose 0 = 6*o - o - 110. What is the highest common factor of o and l?
22
Let r(v) = -6*v - 1. Let y be r(-9). Suppose -341 + y = -6*k. Calculate the greatest common factor of 32 and k.
16
Let k(o) = 62*o + 1. Let a be k(3). Suppose 9*m + 10*m = 323. Calculate the highest common factor of m and a.
17
Let x = 119 + -92. Calculate the greatest common divisor of x and 216.
27
Suppose 0 = -2*p + 6*l - 2*l + 26, -4*l + 28 = 4*p. Suppose 26*s - 31*s - 10 = 0. Let q = s + p. Calculate the greatest common divisor of q and 7.
7
Suppose -2842 + 11410 = 14*l. Calculate the greatest common factor of 136 and l.
68
Let t(b) be the third derivative of -b**6/120 - 7*b**5/30 - 5*b**4/8 - 7*b**3/3 + 20*b**2. Let c be t(-13). What is the greatest common factor of c and 156?
12
Let o(t) = -50*t - 386. Let c be o(-9). What is the highest common divisor of 16 and c?
16
Let y(a) = a**2 + 18*a - 45. Let c be y(-23). Let r(t) = t**2 + t - 6. Let z be r(-5). What is the greatest common factor of c and z?
14
Let h be (-6)/(-4)*-2*(-760)/60. What is the highest common divisor of 19 and h?
19
Let c(y) = -81*y + 348. Let t be c(4). Suppose 2*m + v + 4*v - 49 = 0, 0 = m - v - 21. Let w = -14 + m. What is the greatest common factor of t and w?
8
Let g = -154 - -202. Calculate the greatest common divisor of 816 and g.
48
Suppose 11*o - 7*o - 168 = -4*f, -3*f - o + 134 = 0. Calculate the greatest common factor of f and 1472.
46
Suppose -3*a = g - 5*g + 434, -5*a + 560 = 5*g. Calculate the greatest common factor of g and 50.
10
Let t = 685 + -630. Calculate the greatest common factor of t and 132.
11
Let n = 25 + -24. Let q be (-3 - 0)/((n - 4)*1). What is the greatest common divisor of 1 and q?
1
Let d be (-230)/69*(-3)/(-2). Let x be (0 + 1)/(d/(-150)). What is the greatest common divisor of 15 and x?
15
Let x = 8